)*147/6?
0
Let v(n) = -128 + 294 + 274 + 2*n**2 - 8*n + 153. What is the units digit of v(0)?
3
Suppose 0 = 5*i - 20, 0 = -5*v - 2*i + 3629 + 7689. What is the units digit of v?
2
Let f be ((-3)/9)/((1/(-15))/1). Suppose -4*l - 5*a + 204 = -0*a, -f*a + 51 = l. Suppose -2*w - l = -5*w. What is the tens digit of w?
1
Let w = 34 - 1. Let n be (-33)/(-1)*(-11)/w. Let x(h) = -10*h + 20. What is the hundreds digit of x(n)?
1
Suppose -223*t + 295*t = 1081008. What is the ten thousands digit of t?
1
Let q(j) = j**2 + 8*j + 17. Let b be q(-5). Let y be -4 + 0 - b*(-67)/2. Suppose 2*k - 575 = -y. What is the hundreds digit of k?
2
Let k be ((-2)/(-8))/((-3)/12) + 9. Let t(p) = 24 - 1 - 49 + 31*p - k. What is the units digit of t(7)?
3
Let f(s) = -47*s + 28. Let g be f(-7). Let h(j) = 11 - 7*j**2 + 0*j**2 + 7*j - g*j**3 + 358*j**3. What is the units digit of h(6)?
7
Let i = 13 + 19. Suppose -h + 5*h = 4, -3*f - i = 4*h. Let g(v) = -v**2 - 16*v + 32. What is the units digit of g(f)?
0
Let j(z) = -2*z + 43. Let q be j(20). Suppose 2*m + 8 = q*m. Suppose 273 = 4*v - d, -5*d + 15 = -m*d. What is the tens digit of v?
6
Let c(u) = -u**3 - 6*u**2 - 7*u. Let a be c(-1). Suppose -a*i = -4*z - 167 + 2669, 2*i + 1878 = 3*z. What is the hundreds digit of z?
6
Let t(q) = -1908*q + 978. What is the ten thousands digit of t(-5)?
1
Let s = -25 + 90. Let j be 1/1*(-4255)/115. Let b = s + j. What is the units digit of b?
8
Suppose 5 = r, -4*n - 3*r - 12 + 35 = 0. Suppose 4*c + 5*m = -100 - 276, -n*c - m - 182 = 0. What is the tens digit of (-1)/1*(c - -6)?
8
Let f = 11027 + -7524. What is the hundreds digit of f?
5
Suppose 4*j - 7*j + 573 = 0. Suppose -k + 4*k + 5*n = j, -2*k + 4*n + 164 = 0. What is the tens digit of k?
7
What is the thousands digit of (-18040)/6*39/(-65)*4?
7
Suppose -1016*r = -1018*r + 18. Suppose -i + 4 = 0, 6*c - r*c = -2*i - 1429. What is the hundreds digit of c?
4
What is the hundreds digit of 23073/1 - (3 + -1) - (-384)/192?
0
Let n(x) = x**3 + 3*x**2 - x + 10. Let p be n(-4). What is the tens digit of ((-1)/(-6) + (-3117)/18)*p?
4
Suppose -3*s + 7 = -0*k + k, -5*k = -3*s + 1. Suppose 3*f - 11 = -g, -k + 0 = -g + 2*f. Suppose 180 = g*a - 0. What is the tens digit of a?
3
What is the tens digit of (-1556334)/162*(0 + -2)?
1
Suppose -5*r + 3*b + 814 = 0, -8*r + 307 = -6*r + 5*b. Suppose -3*t + r = -364. What is the hundreds digit of t?
1
Suppose -b - 5*g = -7 - 9, 0 = -2*b + g + 21. Let q(z) = z**3 + 26*z**2 + 120*z - 7. Let m be q(-13). Suppose -o - m = -b*o. What is the tens digit of o?
6
Let u = -2422 + 3668. Let a = -778 + u. What is the hundreds digit of a?
4
Let p = 3181 + 2641. What is the thousands digit of p?
5
Suppose -4*l + 9*l - 19 = -2*o, 0 = -2*o + 4. What is the tens digit of l*1 + (332 - -26)?
6
Let z be 28/((-1)/(16 - 7)). Let s = z + 285. What is the tens digit of s?
3
Let n = 1700 + 1431. Suppose 5*r = 3*y - 883 - n, -4*r = 5*y - 6653. What is the hundreds digit of y?
3
Let q = 12688 + -11356. What is the units digit of q?
2
Let m = 1086 + -513. Let q = m - 294. What is the tens digit of q?
7
Let u be 17 + -12 - (2 + -235). What is the tens digit of u + (35/(-15) - -3)*-6?
3
Suppose 4*v + 56 = -3*v. Let n be v/(-12) - 2/(24/(-388)). Suppose -4*p + n + 343 = 0. What is the units digit of p?
4
Suppose -1218224 = 53*l - 202*l. What is the hundreds digit of l?
1
Let h(j) = -239*j - 12636. What is the units digit of h(-88)?
6
Suppose 56878 = 64*y - 126195 - 68063. What is the thousands digit of y?
3
Let h(u) = 287*u**2 + 6*u - 5. Let y be h(1). Let m = 519 - y. What is the tens digit of m?
3
Let r(k) = -k**2 + 16*k + 18. Let g be r(17). Let q(h) = 201*h + 1. What is the hundreds digit of q(g)?
2
Let r = -613 - -602. What is the tens digit of (484/6)/r*-120?
8
Let i = 21 - 8. Let q(x) be the first derivative of 2*x**3/3 - 7*x**2 - 26*x + 133. What is the units digit of q(i)?
0
Let g = -96 - -95. Let v be (15 + 0)/(((-3)/2)/g). Suppose 129 - 2659 = -v*q. What is the units digit of q?
3
Let h(c) = -32*c**2 + 6*c + 11. Let y be h(7). Let p = -1072 - y. Suppose -4*o - a = -p, 5*o + 3*a - 557 = 5*a. What is the tens digit of o?
1
Let r be (3 + -1 + -3)*0. Suppose 5*s - 20 = -r*s. Let b = 5 - s. What is the units digit of b?
1
Let l(v) = 29*v**3 + 3*v**2 - 11*v - 16. What is the tens digit of l(6)?
9
Let d = -218 - -216. What is the hundreds digit of (-320)/(-2) - ((-2)/(-2) - d)?
1
Suppose -10*h + 19*h = -468. What is the hundreds digit of (-2)/(20/(-1834)) + h/130?
1
Let k = 141 - 142. What is the hundreds digit of (-253 - (8 + -4))*k?
2
Let r(x) be the third derivative of -13*x**4/24 - 4*x**3/3 + 2*x**2. Suppose 0 = -2*a - 3*m - 20, -3*a - 5*m - 32 = -0*a. What is the tens digit of r(a)?
4
Let h be 0/(-2) + (-6633)/(-3 - 8). Let o = h + 103. What is the units digit of o?
6
Let s = 609 + -418. Let z = s - 67. What is the tens digit of z?
2
Let c(s) = s**2 - 6*s - 32. Let r(q) = -q**2 + 6*q + 11. Let t be r(7). Suppose 3*o - 4*o - 4*v - 2 = 0, 2*o = t*v - 28. What is the hundreds digit of c(o)?
1
Suppose c - 33*c - 64 = 0. What is the tens digit of (-1 + -121)*(c + -1)?
6
Suppose -4*p = 3*u - 5*u + 2452, -p = -u + 1228. Suppose -71*o = -76*o + u. What is the units digit of o?
6
Let n(i) be the second derivative of i**4/12 - 3*i**3/2 - 3*i**2 + 96*i. What is the hundreds digit of n(-9)?
1
Let s(y) = y. Let b(x) = 50*x + 9. Let c(p) = -b(p) - 3*s(p). Suppose -m = 0, -4*a = 2*m + 9 - 1. What is the units digit of c(a)?
7
Suppose 6*n = -5*z + 4*n - 10, -z - 5 = n. Suppose -h + 12 = -z*h. What is the units digit of (-4)/(48/(-28))*h?
8
What is the units digit of (-1)/(6/42) + (1582 - 2)?
3
What is the thousands digit of 390156/36 + -6 + 3/9?
0
Let h be 6*(10515 + -5) + 4. What is the units digit of 6/54 + h/72?
6
Let h be 0 + (-2)/(-7) + 1458/42. Suppose 0 = -29*y + h*y - 1680. Suppose -2*g + y = 68. What is the units digit of g?
6
Let a(n) = 406*n**2 + 2*n + 5. Let j be a(2). Suppose 0 = 17*b - 1954 - j. What is the hundreds digit of b?
2
Let j = -13885 + 26104. What is the tens digit of j?
1
Suppose c + 5*h - 5 = 0, -11*c + 6*c - 4*h + 25 = 0. Suppose -3*y + 3*a + 1731 = 0, c*y - 4*y - 5*a = 597. What is the units digit of y?
2
Suppose -4*y - 2*w - 2*w = -3644, -3*w - 2721 = -3*y. Let i be 6/(-4) + y/18. Let m = i - 41. What is the units digit of m?
8
Let t(x) = -x**2 + 25*x - 76. Suppose -9*h = -13*h + 64. Let o(p) = 3*p - 42. Let b be o(h). What is the tens digit of t(b)?
3
Let y be (-21)/(-7) + -5 - -26. Suppose -6716 = o - y*o. What is the tens digit of o?
9
Suppose 10*j = 124 - 224. What is the units digit of j/3*(-10 + -206 + -9)?
0
Let g(i) = -27*i**3 + 6*i**2 - 4*i - 16. What is the hundreds digit of g(-4)?
8
Let f be -4*(1 - (-5204)/(-16)). Suppose -f - 1040 = -3*q. What is the tens digit of q?
7
What is the hundreds digit of ((-231)/(-49))/((-3)/(-3003))?
7
Let t(c) be the first derivative of 3*c**2/2 - 7*c - 14. Let k(i) = 7*i - 14. Let u(o) = 6*k(o) - 10*t(o). What is the units digit of u(5)?
6
Let j(t) = -t**2 + 7*t - 50. Let q be j(6). What is the tens digit of 4059/q*(-8)/3?
4
Let t = 2428 - -163. What is the units digit of t?
1
Let c(k) = -4*k**3 + 57*k**2 - 12*k - 26. Let x be c(14). Suppose -13*f - 3*t = -8*f - 3635, 5*t = -x*f + 1454. What is the units digit of f?
7
Let y(o) = 7549*o - 1636. What is the units digit of y(3)?
1
Let g(t) = -48*t - 22. Suppose -7*n + 12*n = -30. Let c be g(n). Let x = c - 177. What is the units digit of x?
9
Let y(o) = -6*o**3 - 17*o**2 + 4*o + 7. Let n be y(-3). Suppose 5*z + 149 = 2*u - 0*u, 0 = -4*u - n*z + 312. What is the tens digit of u?
7
Suppose 4*p = -4*w + 133080, -80*w = -77*w + 9*p - 99780. What is the units digit of w?
5
Suppose t + 6 = 0, -t = -54*u + 59*u - 46544. What is the tens digit of u?
1
Suppose 4*m + 12 = 3*o - 3, -3*o = 4*m + 33. Let w(x) = 16*x**2 + 14*x + 37. What is the units digit of w(m)?
9
Let l = -123 + 125. Suppose l*f + 21 + 27 = 4*x, -3*x + 3*f + 36 = 0. What is the tens digit of -6*(-3)/x*3052/21?
1
Suppose 31*t = 24*t + 273. What is the hundreds digit of (-195)/((-30)/6)*t?
5
Let a(g) = g**3 + 12*g**2 + 19*g - 8. Let c be a(-10). Let t be (6 + 35)*c*1. Suppose r - t + 10 = 0. What is the units digit of r?
2
Let u(z) = -4*z**3 + 2*z**2 + z - 7. Let t be u(2